 w(d) = -d**3 - 7*d**2 + 3*d + 15. Give w(-7).
-6
Let u(d) = -7*d + 25. Calculate u(5).
-10
Let u(r) = -6*r**2 + 40*r + 8. Calculate u(7).
-6
Let w(g) = g**2 - 2*g - 5. Determine w(4).
3
Let g(w) = w + 6. Determine g(11).
17
Let z(a) = -a**3 - 5*a**2 + 6*a + 58. Determine z(-6).
58
Let t(j) = j**3 - 8*j**2 + 2*j - 8. Determine t(7).
-43
Let i(x) = -12*x - 30. Determine i(-3).
6
Let p(t) = 36*t - 182. Determine p(5).
-2
Let i(x) = -5*x + 64. Determine i(12).
4
Let t(m) = -m**3 - 6*m**2 - 6*m - 6. Determine t(-5).
-1
Let i(d) = -d**3 - 7*d**2 + 7. Calculate i(-7).
7
Let b(w) = 7*w - 45. Determine b(11).
32
Let g(a) = -3*a**3 + 7*a**2 - 3*a - 1. Give g(3).
-28
Let l(w) = 307*w - 1221. Give l(4).
7
Let u(k) = -4*k**3 + k - 3. Determine u(2).
-33
Let r(g) = -g**3 + 3*g**2 - 2*g. Give r(3).
-6
Let l(p) = 108*p + 204. What is l(-2)?
-12
Let f(s) = s**3 - 20*s**2 + 20*s - 25. What is f(19)?
-6
Let s(b) = -17*b - 206. Give s(-11).
-19
Let y(d) = 6*d - 30. What is y(6)?
6
Let f(q) = 2*q - 14. Calculate f(5).
-4
Let k(j) = -j**3 - 8*j**2 - 13*j + 12. What is k(-6)?
18
Let q(r) = 8*r + 15. Determine q(-3).
-9
Let w(t) = t**2 - 7*t - 35. Give w(10).
-5
Let u(d) = -d**3 - d**2 + d. Determine u(0).
0
Let f(j) = -12*j**2 + 6. Determine f(2).
-42
Let p(t) = -t**2 - 32*t - 88. What is p(-27)?
47
Let x(h) = 3*h**2 + 2. Determine x(2).
14
Let x(i) = 3*i**2 + 46*i - 87. Determine x(-17).
-2
Let z(c) = -5*c**3 - 3*c**2 - c - 1. Calculate z(-2).
29
Let w(u) = u**3 + 10*u**2 + 9*u + 4. Calculate w(-9).
4
Let y(b) = -b**3 + 22*b**2 - 21*b - 27. Determine y(21).
-27
Let y(b) = -b**2 - 9*b - 8. What is y(-7)?
6
Let b(l) = 2*l**2 + 25*l - 5. Calculate b(-13).
8
Let l(m) = -m**2 - 6*m + 8. What is l(1)?
1
Let y(a) = -a**2 + 16*a - 24. Calculate y(17).
-41
Let u(i) = 14*i + 204. Calculate u(-14).
8
Let c(m) = -m**3 - 9*m**2 - 6*m + 16. What is c(-8)?
0
Let y(a) = -4*a - 9. Calculate y(-3).
3
Let i(k) = -k - 3. Give i(0).
-3
Let b(i) = -i**3 + 5*i**2 + 5*i + 8. Determine b(6).
2
Let y(c) = -17*c + 4. Give y(1).
-13
Let q(m) = -m**2 - 7*m - 9. What is q(-15)?
-129
Let t(k) = 5*k + 1. Determine t(-2).
-9
Let b(l) = 3*l + 8. Calculate b(-18).
-46
Let x(b) = -13*b**3 - 1. Calculate x(-1).
12
Let f(c) = -c**3 - 4*c**2 - 2*c + 2. Calculate f(-2).
-2
Let l(a) = -a**3 - 13*a**2 - a - 8. Calculate l(-13).
5
Let c(x) = x**2 - 18*x - 8. Give c(17).
-25
Let g(m) = 2*m**3 + 44*m**2 + 2*m + 48. Calculate g(-22).
4
Let x(j) = j**3 - 7*j**2 - 8*j + 9. Determine x(8).
9
Let z(b) = -2*b**2 - b - 1. Determine z(3).
-22
Let g(a) = -a + 47. Give g(28).
19
Let c(d) = -d**3 - 23*d**2 - 19*d + 42. What is c(-22)?
-24
Let y(x) = x**3 + 7*x**2 - 10*x + 1. Give y(-8).
17
Let z(v) = -v**3 - 12*v**2 - 8*v + 37. Give z(-11).
4
Let g(d) = -d**2 + 6*d + 4. Give g(7).
-3
Let p(h) = 2*h**2 + 24*h - 13. What is p(-12)?
-13
Let u(o) = 7*o**2 + 6*o - 4. What is u(-2)?
12
Let m(v) = 6*v - 6. Give m(7).
36
Let c(p) = -6*p - 18. Calculate c(8).
-66
Let d(g) = -g**2 + 4*g + 12. Determine d(5).
7
Let d(k) = -k**3 + 6*k**2 - 7*k - 7. Give d(6).
-49
Let c(z) = -2*z**2 - 20*z - 74. What is c(-8)?
-42
Let z(p) = -3*p**3 + 5*p**2 + p - 4. Give z(2).
-6
Let o(u) = 5*u + 80. What is o(-13)?
15
Let g(u) = -2*u**2 + 33*u - 135. Calculate g(7).
-2
Let m(h) = -4*h**2 - 2*h + 3. What is m(2)?
-17
Let o(p) = -p + 24. Calculate o(14).
10
Let s(q) = -q + 24. Determine s(2).
22
Let z(b) = -9*b - 80. Calculate z(-9).
1
Let f(g) = 14*g. Give f(-1).
-14
Let f(t) = -2*t**3 + 4*t**2 - 2*t + 4. Determine f(0).
4
Let s(f) = -25*f - 145. Calculate s(-6).
5
Let t(f) = f**2 - 16*f - 2. Give t(5).
-57
Let a(y) = -2*y - 2. What is a(-6)?
10
Let w(l) = 37*l - 1. Calculate w(-1).
-38
Let t(x) = x**2 - 6*x - 8. Determine t(7).
-1
Let i(l) = -2*l**3 - l - 6. Give i(3).
-63
Let w(p) = -496*p - 4461. What is w(-9)?
3
Let t(h) = 3*h - 24. Give t(5).
-9
Let i(f) = -f**3 - 8*f**2 + f + 9. Calculate i(-8).
1
Let a(z) = -19*z + 182. Give a(10).
-8
Let y(c) = -c**3 + 6*c**2 - 7*c + 6. What is y(5)?
-4
Let l(w) = w**3 + w**2 - w + 14. What is l(0)?
14
Let c(k) = 8*k**2 - 2*k + 9. Calculate c(4).
129
Let f(o) = -o**2 - 10*o - 16. Determine f(-8).
0
Let y(b) = -b**2 - 9*b - 15. Give y(-6).
3
Let y(i) = -i - 25. Calculate y(-20).
-5
Let f(r) = -10*r - 1. Determine f(-1).
9
Let o(d) = -2*d + 8. Give o(3).
2
Let d(q) = q + 236. What is d(0)?
236
Let o(y) = 3*y**2 + 21*y + 8. Calculate o(-7).
8
Let x(a) = 5*a + 32. Give x(-8).
-8
Let j(z) = -3*z + 56. Give j(-12).
92
Let u(g) = 2*g**3 + 8*g**2 - 4*g - 10. Calculate u(-4).
6
Let u(w) = 21*w**3. Give u(-1).
-21
Let t(b) = -b**2 + 27*b - 62. Determine t(25).
-12
Let r(p) = 2*p**2 - p - 2. Give r(-4).
34
Let w(a) = -a**2 - 16*a - 14. What is w(-11)?
41
Let h(u) = -6*u - 7. Give h(-1).
-1
Let x(w) = 101*w - 2621. Give x(26).
5
Let i(a) = -3*a**2 + 4*a + 1. Calculate i(3).
-14
Let a(w) = -2*w**3 + 21*w**2 + 15*w - 18. Determine a(11).
26
Let q(g) = -g - 14. What is q(13)?
-27
Let a(q) = q + 12. Calculate a(6).
18
Let p(l) = 52*l**2 + l + 1. Determine p(-1).
52
Let y(w) = w + 25. Calculate y(-5).
20
Let j(y) = -y**2 + 14*y + 42. Determine j(19).
-53
Let m(p) = 15*p + 1023. Calculate m(-68).
3
Let u(n) = -n**2 + 10*n + 13. Calculate u(11).
2
Let q(x) = -x**2 - 6*x + 13. What is q(-7)?
6
Let h(i) = i**2 - 6*i - 8. Determine h(7).
-1
Let i(x) = x**3 + 9*x**2 + 8*x - 4. Calculate i(-9).
-76
Let k(n) = n**2 + 16*n + 19. Calculate k(-13).
-20
Let l(m) = m**3 + 16*m**2 + 20*m + 69. Calculate l(-15).
-6
Let n(o) = 4*o**2 - 6*o - 2. Give n(2).
2
Let w(q) = 2*q**2 + 2*q + 9. Determine w(-4).
33
Let y(v) = -v**3 - 7*v**2 - 3*v + 12. Calculate y(-6).
-6
Let r(k) = -33*k + 1. Give r(2).
-65
Let r(k) = -k**3 - 14*k**2 + k - 3. Calculate r(-14).
-17
Let i(z) = -z**3 + 12*z**2 + z - 10. What is i(12)?
2
Let x(n) = n**3 + n**2 + 25. Calculate x(-3).
7
Let q(b) = b**3 - 7*b**2 - 11*b - 15. What is q(9)?
48
Let n(o) = -o**2 - 13*o + 36. Give n(-16).
-12
Let m(r) = -11*r - 19. Give m(-4).
25
Let y(m) = -m**2 + 18*m + 18. Give y(19).
-1
Let p(j) = 2*j**2 - 46*j + 211. Give p(16).
-13
Let z(m) = m**2 - 5*m - 7. Calculate z(5).
-7
Let t(k) = 3*k**2 - 6*k - 5. Calculate t(5).
40
Let k(x) = -x**2 - x + 6. What is k(-3)?
0
Let d(b) = -b**3 - 9*b**2 + 2*b + 19. What is d(-9)?
1
Let w(j) = j**3 - j**2 + 11*j - 7. What is w(4)?
85
Let q(i) = -i**3 - 7*i**2 - 8*i - 12. Calculate q(-5).
-22
Let m(c) = 2*c**2 - 3*c + 5. What is m(2)?
7
Let g(w) = w**2 + 7. Give g(0).
7
Let o(b) = 29*b + 301. Determine o(-10).
11
Let q(l) = 7*l**3 + 7*l**2 + 4*l - 1. Give q(-1).
-5
Let t(l) = l**3 + 15*l**2 - 12*l - 4. Calculate t(-16).
-68
Let u(d) = -d**2 - 19*d. Determine u(-16).
48
Let n(h) = 8*h - 10. What is n(2)?
6
Let r(i) = -i - 2. Determine r(10).
-12
Let k(g) = g**3 - 12*g**2 + 11*g - 2. Calculate k(11).
-2
Let c(z) = -22*z - 76. Calculate c(-4).
12
Let s(m) = m**2 - 4*m - 20. What is s(7)?
1
Let f(k) = -k**2 - 19*k - 41. Give f(-21).
-83
Let y(w) = w**3 + 9*w**2 - 9*w + 31. Give y(-10).
21
Let w(d) = d**2 + 32*d + 200. What is w(-8)?
8
Let o(d) = -2*d**2 - 18*d + 6. Give o(-9).
6
Let l(a) = -a**2 - 12*a - 9. What is l(-11)?
2
Let k(h) = -h**3 + 7*h**2 - 3*h - 2. Give k(4).
34
Let f(k) = -2*k - 8. What is f(-7)?
6
Let u(p) = 5*p**3 + 13*p**2 - 7*p - 3. Calculate u(-3).
0
Let r(j) = -9*j**2 + 3*j - 2. Give r(2).
-32
Let c(f) = f**2 - 14*f + 9. Determine c(14).
9
Let n(p) = -p**2 - 6*p + 11. Calculate n(-7).
4
Let q(n) = 7*n - 70. What is q(9)?
-7
Let q(p) = -4*p**3 - 3*p - 3. What is q(-2)?
35
Let h(l) = 2*l - 18. Give h(7).
-4
Let w(x) = -x**2 - 12*x + 7. Calculate w(-10).
27
Let w(n) = -n**3 + 4*n**2. Calculate w(3).
9
Let m(j) = j**2 - 5*j + 4. Give m(3).
-2
Let x(a) = a**3 + 5*a**2 + 8. Calculate x(-6).
-28
Let l(h) = h**3 + 10*h**2 + h - 12. Give l(-10).
-22
Let l(x) = x**3 + 12*x**2 + 26*x - 21. Calculate l(-9).
-12
Let o(x) = -37*x**2 - 2*x + 1. Determine o(1).
-38
Let p(j) = 2*j + 31. What is p(-23)?
-15
Let x(p) = -6*p**3 + 2*p**2 + 4*p + 3. Determine x(-1).
7
Let p(s) = -9*s - 301. Give p(-32).
-13
Let p(k) = -k + 11. Determine p(17).
-6
Let l(u) = -12*u + 22. What is l(8)?
-74
Let b(u) = -u**2 + 11*u - 13. What is b(11)?
-13
Let k(p) = p + 28. Calculate k(-17).
11
Let h(o) = -o**3 + 4*o**2 + 13*o + 7. What is h(6)?
13
Let t(n) = 7*n**2 + 20*